853207?
0
What is the millions digit of 567317177?
7
What is the millions digit of 2808961081?
8
What is the millions digit of 330479785?
0
What is the units digit of 43801400?
0
What is the millions digit of 1162638352?
2
What is the hundred thousands digit of 41543916?
5
What is the hundred millions digit of 424336538?
4
What is the ten millions digit of 165962503?
6
What is the tens digit of 14742902?
0
What is the hundreds digit of 620091980?
9
What is the hundreds digit of 3725977?
9
What is the ten thousands digit of 33550746?
5
What is the hundred thousands digit of 140388473?
3
What is the hundreds digit of 16825845?
8
What is the millions digit of 122536972?
2
What is the hundred thousands digit of 83108664?
1
What is the tens digit of 341282293?
9
What is the thousands digit of 77898248?
8
What is the thousands digit of 54075209?
5
What is the units digit of 62832034?
4
What is the hundred thousands digit of 959925104?
9
What is the thousands digit of 38457243?
7
What is the hundred thousands digit of 76946776?
9
What is the tens digit of 355348507?
0
What is the ten millions digit of 359167173?
5
What is the ten millions digit of 389626735?
8
What is the thousands digit of 247067850?
7
What is the billions digit of 2130733972?
2
What is the ten millions digit of 701254899?
0
What is the tens digit of 391366218?
1
What is the hundred millions digit of 1339728997?
3
What is the tens digit of 258098856?
5
What is the hundreds digit of 149075120?
1
What is the ten thousands digit of 53579675?
7
What is the millions digit of 9832090?
9
What is the millions digit of 12283199?
2
What is the hundreds digit of 51085660?
6
What is the units digit of 214047220?
0
What is the ten millions digit of 6327010827?
2
What is the billions digit of 1229667873?
1
What is the hundreds digit of 211386677?
6
What is the tens digit of 6867029962?
6
What is the thousands digit of 4078790075?
0
What is the millions digit of 242323365?
2
What is the tens digit of 729497215?
1
What is the units digit of 10316408?
8
What is the hundred thousands digit of 370718162?
7
What is the hundred thousands digit of 8726035?
7
What is the units digit of 1421971?
1
What is the ten millions digit of 340014203?
4
What is the hundreds digit of 5269839?
8
What is the units digit of 5788711432?
2
What is the ten thousands digit of 1388866671?
6
What is the hundred thousands digit of 630149124?
1
What is the hundred thousands digit of 108835473?
8
What is the millions digit of 25198836?
5
What is the hundred thousands digit of 2190477898?
4
What is the tens digit of 2676902782?
8
What is the hundred thousands digit of 138335011?
3
What is the hundred thousands digit of 922982734?
9
What is the hundred millions digit of 2087555438?
0
What is the tens digit of 340445752?
5
What is the thousands digit of 35787716?
7
What is the units digit of 710781038?
8
What is the thousands digit of 122787328?
7
What is the millions digit of 2747025744?
7
What is the hundreds digit of 340498565?
5
What is the hundred thousands digit of 170759152?
7
What is the tens digit of 46909216?
1
What is the hundred thousands digit of 99135810?
1
What is the hundred millions digit of 2015209117?
0
What is the billions digit of 8980033650?
8
What is the hundred millions digit of 4151577341?
1
What is the hundreds digit of 756710589?
5
What is the hundreds digit of 80615720?
7
What is the hundred thousands digit of 723585737?
5
What is the tens digit of 1615844010?
1
What is the hundreds digit of 244625805?
8
What is the millions digit of 325776383?
5
What is the units digit of 269171151?
1
What is the tens digit of 24178977?
7
What is the units digit of 71868035?
5
What is the hundreds digit of 2620535915?
9
What is the hundred thousands digit of 287171194?
1
What is the hundred millions digit of 144567690?
1
What is the millions digit of 2533960147?
3
What is the ten millions digit of 10240897?
1
What is the ten thousands digit of 286657491?
5
What is the tens digit of 32931050?
5
What is the hundreds digit of 8040335?
3
What is the hundred thousands digit of 40083453?
0
What is the hundred millions digit of 407291186?
4
What is the hundred millions digit of 610717469?
6
What is the ten millions digit of 4184239683?
8
What is the hundred thousands digit of 172227942?
2
What is the tens digit of 260699251?
5
What is the hundred thousands digit of 446703963?
7
What is the millions digit of 743063185?
3
What is the hundred millions digit of 1290128338?
2
What is the tens digit of 80252079?
7
What is the millions digit of 435252302?
5
What is the ten millions digit of 2478162359?
7
What is the hundreds digit of 392096663?
6
What is the hundred millions digit of 1539446991?
5
What is the hundreds digit of 3020700591?
5
What is the ten millions digit of 92300648?
9
What is the hundred millions digit of 115885746?
1
What is the ten millions digit of 26203280?
2
What is the ten millions digit of 1732205909?
3
What is the ten millions digit of 5247470382?
4
What is the thousands digit of 59511021?
1
What is the ten thousands digit of 18734631?
3
What is the units digit of 309663104?
4
What is the ten millions digit of 54252003?
5
What is the thousands digit of 2666290664?
0
What is the units digit of 845363923?
3
What is the ten millions digit of 1133205585?
3
What is the units digit of 1059437748?
8
What is the hundred thousands digit of 514030014?
0
What is the units digit of 63336635?
5
What is the millions digit of 987455083?
7
What is the thousands digit of 23387552?
7
What is the thousands digit of 52274834?
4
What is the ten millions digit of 3032667331?
3
What is the hundred thousands digit of 581933570?
9
What is the tens digit of 958519739?
3
What is the hundred thousands digit of 1764408107?
4
What is the thousands digit of 51763906?
3
What is the tens digit of 72789609?
0
What is the hundred millions digit of 195087362?
1
What is the units digit of 72989648?
8
What is the hundreds digit of 9481222?
2
What is the tens digit of 123427496?
9
What is the hundred thousands digit of 244412750?
4
What is the millions digit of 381611845?
1
What is the ten millions digit of 78936416?
7
What is the hundreds digit of 8560634530?
5
What is the tens digit of 34302900?
0
What is the ten thousands digit of 276138695?
3
What is the ten thousands digit of 2568106086?
0
What is the ten thousands digit of 19022186?
2
What is the tens digit of 356450275?
7
What is the millions digit of 507705642?
7
What is the hundreds digit of 38256067?
0
What is the hundreds digit of 523220208?
2
What is the ten millions digit of 28046003?
2
What is the ten millions digit of 1572534945?
7
What is the hundreds digit of 805965791?
7
What is the hundred thousands digit of 2071864?
0
What is the units digit of 86737866?
6
What is the tens digit of 2902429?
2
What is the hundred millions digit of 135230786?
1
What is the units digit of 109033208?
8
What is the units digit of 29266596?
6
What is the millions digit of 3329457?
3
What is the hundreds digit of 9178736?
7
What is the ten millions digit of 142536895?
4
What is the hundred millions digit of 118960308?
1
What is the units digit of 2288478876?
6
What is the billions digit of 1028685213?
1
What is the hundred thousands digit of 43051520?
0
What is the hundred millions digit of 306617974?
3
What is the hundred thousands digit of 10062568?
0
What is the units digit of 810001547?
7
What is the ten thousands digit of 609609860?
0
What is the hundred thousands digit of 3105967366?
9
What is the ten thousands digit of 22281811?
8
What is the ten millions digit of 13626416?
1
What is the ten thousands digit of 4436099?
3
What is the units digit of 634582086?
6
What is the hundred thousands digit of 339347234?
3
What is the billions digit of 2301846504?
2
What is the thousands digit of 140399998?
9
What is the ten thousands digit of 47280753?
8
What is the hundred millions digit of 1800218625?
8
What is the tens digit of 52987165?
6
What is the units digit of 2109161904?
4
What is the tens digit of 2634575258?
5
What is the hundred thousands digit of 662024693?
0
What is the millions digit of 250014106?
0
What is the ten millions digit of 479342629?
7
What is the tens digit of 265792724?
2